 - 6*k - 10. Determine v(i).
-5
Suppose -6*m + 11*m = 5. Let t(o) = -5*o**2 - 2*o + 2. Let k be t(m). Let i(q) = -q**2 - 6*q - 2. Determine i(k).
3
Let l(m) = -2*m + 5. Let f(r) = -r + 2. Suppose 2*i - 5*i + 21 = 0. Suppose -2*g - 19 = -4*x + i, 0 = 2*g - 5*x + 27. Let t(p) = g*f(p) + 6*l(p). Give t(4).
4
Let i(r) = r + 5 + 2 - 8 + 0. Suppose -14 + 44 = -6*n. What is i(n)?
-6
Let b(l) be the second derivative of -1/6*l**3 - 1/2*l**2 - 6*l + 0 - 3/4*l**4. Let w = -3 - -2. What is b(w)?
-9
Let k(n) be the third derivative of n**4/8 - 4*n**3/3 + 138*n**2. Give k(-5).
-23
Let c(m) = -m**2 - 9*m - 6. Let f be 1*(-10 - (-6 - -3)). Let o be c(f). Let w(v) = v - 12. Give w(o).
-4
Let a(k) = -117*k**3 - 9*k**2 + 19*k - 5. Let h(p) = 59*p**3 + 4*p**2 - 8*p + 2. Let s(j) = -3*a(j) - 7*h(j). Give s(1).
-63
Let o(x) = x**3 + 15*x**2 - 14*x + 19. Let u(i) = i - 31. Let y be u(15). What is o(y)?
-13
Let m = 6 - -31. Let p(i) = -m + 3*i + 23 + 15. Determine p(1).
4
Let a(n) be the third derivative of -5/24*n**4 - n**2 + 1/60*n**5 + 0*n + 0 + 1/3*n**3. Determine a(4).
-2
Let o(p) = 2*p**2 - 3*p**2 + 3 - 10 + 5*p + 6. Let a be 8/6*60/8. Suppose 0 = 3*n + 2*z - z - a, -2*z = 4. Determine o(n).
3
Let b(s) be the second derivative of s**5/15 - 2*s**3 - 8*s. Let q(w) be the second derivative of b(w). Determine q(-1).
-8
Let o(t) = -t. Let i be o(3). Let j(d) = 3 - 12 + 2 - 2*d + 7. Determine j(i).
6
Let t(m) = 4*m**2 + 3*m - 2. Let h(d) = -d**3 + 6*d**2 - 4*d - 4. Let x be h(5). Let b be (3*3/9)/(x/2). Calculate t(b).
20
Let q be (-1)/((1/(-5))/((-69)/115)). Let u(l) be the third derivative of 0*l + l**2 + 1/120*l**6 - 1/6*l**3 + 0 + 1/20*l**5 - 1/24*l**4. Determine u(q).
2
Let x be (-3 - 2) + 5 - -8. Let i(l) = -l + 4. Give i(x).
-4
Suppose -37 = -2*s + 3. Suppose 4*a - s = -a. Let k(b) = -3*b + 4. Determine k(a).
-8
Suppose 2*c + 12 = -c. Suppose 0 = -12*v + 10*v + 52. Let k(u) = u + v - 26. What is k(c)?
-4
Let x(l) be the first derivative of 0*l + 0*l**2 + 11 + 2*l**3 - 1/60*l**5 - 1/12*l**4. Let b(c) be the third derivative of x(c). Determine b(3).
-8
Let i(n) = 2*n + 21. Let f be i(-9). Let w(r) = r - 3. Let k be w(7). Let a(l) = 4 - 4*l**f + l**3 + 4*l + k*l**3 + 5*l**2. Calculate a(-3).
10
Suppose -4*v - 14 = -2*k - 2*v, 0 = 3*k - v - 13. Let d(q) = 3*q**2 + 0 - 4*q**2 - q + 37*q**k - 2 - 36*q**3. Calculate d(2).
0
Let f(g) = -6 - 2*g + 4 + 3 - 2*g + 0. Determine f(5).
-19
Suppose -3*h = -5*m + 12, -5*h = -8*h + m. Let q(y) = -13*y**2 - y. Determine q(h).
-14
Let u(r) be the first derivative of r**3/2 - 5*r**2/2 - 23*r - 14. Let q(g) be the first derivative of u(g). Let p = -10 - -14. Determine q(p).
7
Let s(k) be the first derivative of -2*k**3/3 - 5*k**2/2 - 3*k - 1. Let o be (1/(-2))/(2/(-4)) - 4. Give s(o).
-6
Let v(h) = -h - 13. Let x be v(-6). Let b(o) = 2*o + 2. What is b(x)?
-12
Let x(v) = -7*v**2 - 6*v - 13. Let b(f) = -8*f**2 - 6*f - 15. Let w(g) = -6*b(g) + 7*x(g). Suppose -3*l - 35 = 5*m, -3*m - 21 = 2*l + 1. What is w(l)?
4
Let n(v) = 7*v**2 + v - 7. Let f(z) = -3*z - 9. Let i be f(-4). Let w(o) = 10 - 2*o**2 - o - 2*o**2 - 2 - i*o**2. Let j(p) = 7*n(p) + 6*w(p). What is j(1)?
7
Let b(y) = -10*y + 9*y + 8*y + 10. What is b(7)?
59
Let m(c) = -3*c**2 - 3*c + 21. Let p(i) be the first derivative of -i**3/3 - i**2/2 + 5*i + 41. Let z(u) = 2*m(u) - 9*p(u). Calculate z(-3).
15
Suppose 9*g - 4*j = -1, 4*j - 6 + 15 = -g. Let x(s) = -14*s**2 + 2*s + 1. Determine x(g).
-15
Let r(x) = 4*x**2 - 2*x**2 - 15 + 13 - 2*x. Let p(m) = 3*m + m + 0 + 3 - 3*m**2. Let j(d) = -3*p(d) - 5*r(d). Determine j(-3).
-2
Let q(d) = -2*d**3 - 2*d**2 - 1. Let u be q(-2). Let p(i) = -5 + u - i + 2. What is p(4)?
0
Let t(n) = n**3 + n**2 - n + 2. Let x be t(0). Let u(z) = 2*z**2 - 3*z - 3*z**2 + x*z - 5 + 8*z. Let k be u(5). Let d(v) = v**3 - 6*v**2 + 4*v + 2. Give d(k).
-3
Let i(b) = 2*b - 10. Let x(f) = 32*f**2 - f - 2. Let j be x(-1). Let p = j + -24. Give i(p).
4
Let k(q) = 2*q**2 + 4*q - 862 - 862 + 1729. Give k(-2).
5
Suppose -2*u - 8 = -2. Let c(j) be the first derivative of -5*j**3/6 + 3*j**2/2 + 54*j - 23. Let b(d) be the first derivative of c(d). Calculate b(u).
18
Let w(j) be the third derivative of -j**8/6720 - j**7/420 - j**6/240 - j**5/40 - 5*j**4/3 - 44*j**2. Let c(m) be the second derivative of w(m). Determine c(-6).
15
Let d(i) = -i**2 - i + 1. Let h = 49 - 46. Suppose 2 = -h*g + 2*r - 3, -4*g - r = -8. Determine d(g).
-1
Let n be 7/14 - 10/4. Let a be ((-1)/n)/((-2)/(12 - 0)). Let p(u) = 3*u - 3. Give p(a).
-12
Suppose 0 = -3*q - 5*u + u - 2, -20 = -5*u. Let g(z) = -14*z**2 + z - 20. Let h(k) = -5*k**2 - 7. Let j(p) = 6*g(p) - 17*h(p). Determine j(q).
-1
Suppose -u + 5*u = 3*k - 22, 3*u = 2*k - 15. Let l(n) = 808 - 295 - 255 - 253 - 7*n + n**2. Give l(k).
-1
Let z = -1 - -7. Suppose -15*m = 21*m. Let g(p) = p + m + 2 - z + 0*p. What is g(-5)?
-9
Let r(u) = u**2 + 844*u + 842*u - 1679*u - 8. Determine r(-8).
0
Let q be 3/(35/84 + 2/6). Let g(n) = 7 - n**2 + 4 + q*n - 3*n. What is g(0)?
11
Let u(i) = -i**3 + 29922*i**2 - 29922*i**2. Give u(-1).
1
Let x(r) = -4*r + 36. Let k = -623 + 631. Give x(k).
4
Let j(p) = p - 2. Suppose 0 = h - a - 5, -7 - 18 = -5*h + 4*a. Let x(y) = y - 2. Let o be x(h). Suppose 0 = -o*f - 2*f - 10. What is j(f)?
-4
Let c(n) be the third derivative of -n**6/360 + n**5/15 - n**4/4 + n**3/3 - 3*n**2. Let p(w) be the first derivative of c(w). Give p(5).
9
Suppose 2*i = -0*i + 16. Suppose -10 = -i*h + 3*h. Suppose -u = 3*t - 0*u - 18, 0 = 4*t + h*u - 26. Let d(w) = w**3 - 6*w**2 + 2*w + 5. Give d(t).
-10
Let h(r) be the first derivative of r**3/3 - r**2 + 2*r + 45. What is h(0)?
2
Let q(y) be the second derivative of -y**4/12 - y**3/3 - y**2/2 - 2*y. Let z be (-3)/45*13 + 28/(-210). What is q(z)?
0
Let g(d) = -d**2 + d. Let c(j) = 2*j**2 - 9*j + 4. Let m = -53 - -49. Let n(y) = m*g(y) - c(y). Determine n(-4).
8
Let r(k) be the first derivative of k**5/40 + 3*k**4/8 - 16*k**3/3 - 18. Let m(n) be the third derivative of r(n). Calculate m(-6).
-9
Let v(s) = -s**2 - 3*s + 8. Let o(k) = 5*k**2 + 13*k - 41. Let g(q) = 2*o(q) + 11*v(q). Give g(-7).
6
Let i(q) = 1 + 0*q - 5*q**2 - 3*q + 2*q + q**3. Suppose -102*s - 78*s + 787 = -113. What is i(s)?
-4
Let q(w) = -w**2 + 5*w + 7. Suppose -l = -0 + 23. Let h = 29 + l. Determine q(h).
1
Let n = -152 - -149. Let q(d) be the first derivative of -d**4/4 - 2*d**3/3 + 2*d**2 + 4*d - 20. Determine q(n).
1
Let s(o) = o**3 - 5*o**2 - o + 2. Suppose 3*a - 4 = 8. Suppose -15*r + 79 = a. What is s(r)?
-3
Let o(x) = 3*x**2 - 208*x + 1 - 4*x**2 + 203*x. Let d(l) = 0*l + 8*l**2 + 2*l**2 + 12 - 16 - l**3 + 11*l. Let p be d(11). Determine o(p).
5
Let v(w) = w**3 - 3*w**2 + 2*w + 2. Suppose 0 = 7*g - 10 - 25. Suppose -g*b + 10 = 4*r, -4*r - r + b = 2. Suppose r = 3*d - 8*d + 15. What is v(d)?
8
Let r(p) be the first derivative of -p**4/4 + 3*p**3 + 12*p + 133. Calculate r(9).
12
Let z(r) = r**2 - 3*r. Let s be z(2). Let g be ((-1)/2)/(23/(-1058)). Let x(u) = 46 - g + 4*u + 5*u**2 - 20. Calculate x(s).
15
Let i(p) = -p**2 - 16*p - 1. Let z(v) = v**2 + 15*v + 1. Let g(a) = -5*i(a) - 6*z(a). What is g(-10)?
-1
Suppose 10*m + 48 = 6*m + 4*k, -5*m + 4*k = 57. Let t(w) = -w + 16. Determine t(m).
25
Let n = -38 + 47. Let o(p) = p**3 - 9*p**2 + p + 9. What is o(n)?
18
Let c(o) = 2*o**2 - 24*o + 9. Let g = 856 + -845. Determine c(g).
-13
Let f(s) = -4. Let b(d) = -d - 7. Let o(k) = 0*k**3 + 3 - k**2 - 4*k**2 - 3*k**2 + 9*k - k**3. Let t be o(-9). Let r(g) = t*b(g) - 5*f(g). What is r(-6)?
17
Let s(v) = -v**2 - v - 1. Let y(u) = -u**2 + 18*u + 2. Let m(g) = -g. Let q(w) = 4*m(w) + y(w). Let z be q(14). Determine s(z).
-7
Suppose z - 5*z + 32 = 0. Let v(n) = -9*n - 1. Let b(d) = 30*d - 5. Let c(m) = -b(m) - 3*v(m). What is c(z)?
-16
Suppose -c - 15 + 50 = 0. Let q = 32 - c. Let m(n) = -2*n**2 + 1. Calculate m(q).
-17
Let g(j) = 2*j - 2*j - 2*j**2. Let n(p) = -2*p + 5. Let z(d) = -d + 1. Let b(y) = n(y) - 3*z(y). Let w be b(-1). What is g(w)?
-2
Let a(f) be the second derivative of f**5/20 - f**4/12 + f**3/6 + f. Suppose 4*l - 50 = 5*s + 17, 2*s = l - 16. Suppose g = -8*g + l. Calculate a(g).
6
Let t(f) = -1. Let p(b) = b**2 - 3*b + 5. Let v(u) = -p(u) + 2*t(u). Calculate v(5).
-17
Let b(d) = -d + 6. Let k(y) = 2*y - 3. Let o = 